et t(i) = 4*i**2 - i. Let j be t(1). Suppose 0*z - 18 = -j*u - z, -2*u + 23 = -3*z. Suppose 2*l + 20 = 7*l. What is the remainder when u is divided by l?
3
Let n = 86 - 45. What is the remainder when n is divided by 21?
20
Suppose 0 = -18*o + 22*o - 80. Let x(b) = 2*b**2 - 2*b + 3. What is the remainder when o is divided by x(2)?
6
Let m(y) = 7*y - 2. Let q(u) = 3*u + 2. Let i be q(-2). Let v be m(i). Calculate the remainder when 27 is divided by (-16)/6*v/8.
7
Let l = 13 - 5. Let a = 31 + -16. What is the remainder when a is divided by l?
7
Let n(d) = -3*d + 2. Calculate the remainder when n(-6) is divided by 7.
6
Let l(n) be the third derivative of n**4 + 5*n**2. Calculate the remainder when l(1) is divided by 13.
11
Suppose 4*q + 4*h = 120, 4*q + 0*q - 93 = 5*h. What is the remainder when 8*(q/6)/3 is divided by 7?
5
Let c(j) be the first derivative of -3*j**2 - j + 1. What is the remainder when 18 is divided by c(-1)?
3
Let t = 5 - 1. Suppose -o + t*j = -10 - 30, -4*o - j + 160 = 0. Calculate the remainder when o is divided by 14.
12
What is the remainder when 32 is divided by 4/(-24) - 43/6*-1?
4
Suppose -3*s + 46 = -2*s. Calculate the remainder when s is divided by 24/(-10)*(-7 - -2).
10
Let p = 4 + -4. Suppose p = -q + 7 + 6. What is the remainder when (-3)/(1 - (-9)/(-8)) is divided by q?
11
Let y = 37 + -21. Let u(b) = b**2 - 5*b + 3. Calculate the remainder when y is divided by u(6).
7
Suppose -4*b - 5*w + 513 = 0, -b + 126 = -0*b + 2*w. Calculate the remainder when b is divided by 19.
18
Calculate the remainder when 40/(-15)*(0 - -1)*-12 is divided by 13.
6
Let v be 2/8 + (-142)/(-8). Let u = -103 + 155. What is the remainder when u is divided by 328/v - 6/27?
16
Let z(s) = -s**2 + 2*s**2 + 3 + 0*s**2 + 5*s. Let x be z(-5). Calculate the remainder when 16 is divided by -6*2/((-4)/x).
7
Calculate the remainder when (4 - -43)*1/1 is divided by 24.
23
Let o(r) = -4*r - 7. Suppose -2*z - 21 - 14 = -5*y, -4*y = -20. Calculate the remainder when o(z) is divided by -5*(-4)/(-8 - -12).
3
Let v(o) = 4*o - 3*o + 0*o + 11. Let z be v(8). Calculate the remainder when 28 is divided by (-2)/(-4) - z/(-2).
8
What is the remainder when (15/(-6))/(1/(-10)) is divided by 14?
11
Let z = -7 - -11. Suppose z*w = w + 9. Suppose w*p - 80 = -5*t + p, 5*p + 3 = 2*t. Calculate the remainder when 27 is divided by t.
13
What is the remainder when 4/18 + 824/18 is divided by 14?
4
Let z = 38 - 31. Calculate the remainder when 19 is divided by z.
5
Suppose 0 = 2*x - j - j - 32, 2*x - 36 = 3*j. What is the remainder when 40 is divided by (-4)/((x/(-14))/3)?
12
Let r(s) = s**2 + 8*s + 5. Let h = -8 + -1. What is the remainder when 53 is divided by r(h)?
11
Let i = -6 + 26. What is the remainder when 79 is divided by i?
19
Let i(q) = q**3 - 3*q**2 - 8*q + 4. Let h = -1 + 6. Calculate the remainder when 40 is divided by i(h).
12
Let d = -22 - -16. What is the remainder when (-106)/(-3) - (-2)/d is divided by (-1608)/469*7/(-2)?
11
Let p = -18 - -21. Suppose 3*m - 4*m + 2*c + 39 = 0, 3*c = -p. Suppose -5*o + 38 = -27. Calculate the remainder when m is divided by o.
11
Let c = -94 - -187. Suppose -4*m - 21 = -c. What is the remainder when 52 is divided by m?
16
Suppose -3*u = 2*u - 5. What is the remainder when 2 is divided by u?
0
What is the remainder when 57 is divided by 1*(1 + 1) + (-16 - -34)?
17
Let d(g) = -42*g**3 - g**2 - g - 1. Let h be d(-1). Let q = h + -28. What is the remainder when q is divided by 7?
6
Let n be (-123)/6*-2 + 3. Suppose 0 = 3*v + h - 33, 3*h = -0*v - 4*v + n. Let g = -72 + 104. Calculate the remainder when g is divided by v.
10
Let h(m) = m**2 - 10*m + 2. Let t be h(10). Suppose 0 = -3*q + 3*y + 3, t*q - 4*y + 10 = 4. Calculate the remainder when (-3)/(-9) + (-82)/(-6) is divided by q.
4
Suppose -55 = -4*b - 5*m, -13 = -b - 2*m + 3. Suppose 0 = -4*f - 3*g + 6*g + 15, 12 = 4*g. What is the remainder when b is divided by f?
4
Let o = 32 - 9. Let t = 14 - 9. What is the remainder when (-30)/(1 - t/3) is divided by o?
22
Let o(t) be the second derivative of 3*t**3/2 + 3*t**2/2 - 8*t. Suppose 3*f + 4*h - 3 - 30 = 0, 4*f - 44 = -h. What is the remainder when o(2) is divided by f?
10
Let x(a) = 4*a**2 + 3*a + 3. Let l be x(-2). Let n be 148/52 - (-2)/13. What is the remainder when 25 is divided by l - (0/n)/(-2)?
12
Suppose -d + 5*p + 11 + 34 = 0, 0 = -5*d - 3*p + 113. Calculate the remainder when d is divided by 9.
7
Suppose 2*a = 4*a + 4. Let m = -2 + 9. Let f = a + m. Calculate the remainder when f is divided by 2.
1
Let o be (5 - 1 - 2)*-6. Let t = o - -20. What is the remainder when 29 is divided by t?
5
Let s(d) = 2*d**2 - 4*d - 4. Calculate the remainder when (-5)/(2*3/(-54)) is divided by s(4).
9
Suppose 0 = 4*u - 7 - 33. Calculate the remainder when 29 is divided by u.
9
Let v be (-4)/(-18) + (-116)/36. Let n = 2 + v. Calculate the remainder when 40 is divided by 58/4 + n/2.
12
Let w = 12 - 1. Let x = w + -7. Suppose -5*t + 6*t - 2 = 0. What is the remainder when x is divided by t?
0
Let x = -28 + 50. Calculate the remainder when -87*(-1)/(-1 + 2) is divided by x.
21
Calculate the remainder when 116 + -2 + (-12)/(-3) is divided by 40.
38
Let v = 55 + 4. What is the remainder when v is divided by 20?
19
Let r = 89 - 60. Calculate the remainder when 111 is divided by r.
24
Suppose s + 4*s - 508 = 4*p, -4*s + 408 = -4*p. Suppose 4*r + 8 = s. What is the remainder when r is divided by 8?
7
Let x = -5 - -22. Suppose 0 = -4*v, -2*t + t + 3*v + 2 = 0. Suppose -g + o + 53 = 0, -4*g + g + 155 = -t*o. What is the remainder when g is divided by x?
15
Let u(l) = 153*l**3 - l**2 - l + 2. Calculate the remainder when u(1) is divided by 14.
13
Let o be ((-8)/6)/((-3)/(-9)). What is the remainder when 7 is divided by 6 - (-2 + 0 - o)?
3
Let f = 691 + -473. Suppose 0*s + 3*s = -15, 2*s + f = 4*l. Suppose 2*h + 60 = 3*j - 14, -2*j = -2*h - l. What is the remainder when 43 is divided by j?
21
Suppose 4*m = 16, -2*w - 4*m = 65 - 217. What is the remainder when w is divided by 36?
32
Let h = 10 + 2. Suppose -g = -5*g + h. What is the remainder when g is divided by 2?
1
Let r = 10 - 7. Let n(z) = -z**2 + 4*z - 2. Let i be n(r). What is the remainder when 32 is divided by 10 - i*(-1 - 0)?
10
Suppose 3*j + 4*g - 221 = 166, 2*j - 2*g - 244 = 0. Calculate the remainder when j is divided by 43.
39
Suppose 4*i - 9 = 3. Let u = 0 + i. What is the remainder when 8 is divided by u?
2
Let p = -79 + 90. Calculate the remainder when 87 is divided by p.
10
Let b = 10 + -1. Calculate the remainder when 1*2*(b + -6) is divided by 2.
0
Suppose -5*i + 100 = -4*m, 3*m - 72 - 28 = -5*i. Calculate the remainder when -76*((-3)/2)/3 is divided by i.
18
Suppose -4*u + 5*c + 91 = 0, 4*c = 7*u - 2*u - 107. Let p(s) = 2*s + 27. Let n be p(0). Calculate the remainder when n*(10/3 + -2) is divided by u.
17
Suppose -2*x = d - 7*x - 55, 420 = 5*d + 4*x. Suppose 54 = 2*i - 0*i. What is the remainder when d is divided by i?
26
Let j be 3/(-2 - 1) + 6. Let x = 13 - j. Calculate the remainder when x is divided by 3.
2
Suppose 4*r = -5*c + 279 + 155, -c = -4*r + 446. What is the remainder when r is divided by 38?
35
Let k be 0/(-1) - (0 + 0). Suppose k = 2*d - c + 27, -2*c - 12 + 2 = 0. Let i = 59 + d. What is the remainder when i is divided by 15?
13
Suppose 3*f - 34 = 77. Calculate the remainder when f is divided by 15.
7
Let l be ((-38)/(-6))/((-1)/(-3)). Let f = -11 + l. Let k(s) = 5*s**2 + s + 1. Calculate the remainder when f is divided by k(-1).
3
Suppose -5*s = -7*s + 72. Calculate the remainder when s is divided by 13.
10
Suppose n - 6 - 6 = 0. Calculate the remainder when n is divided by (-7 - 3) + 10 - (-14)/2.
5
Suppose -4*v + 388 = 5*n, 0 = -3*n + 4*v - 2*v + 224. What is the remainder when n is divided by 13?
11
Suppose 4*n = -17 + 77. Calculate the remainder when (1 - -1)*((-17)/(-2) - -6) is divided by n.
14
Let u = 139 + -114. What is the remainder when 49 is divided by u?
24
Suppose -15*r + 2*r + 403 = 0. Calculate the remainder when r is divided by 18.
13
Let r = 41 - 17. Calculate the remainder when r is divided by 9.
6
Let r(u) = u**3 + 8*u**2 + 7*u - 7. Suppose 5*d - d + 14 = -2*y, -3*d + 12 = -y. Let v = y - -17. Calculate the remainder when r(-6) is divided by v.